
Calculate the remainder when 166 is divided by 42.
40
Calculate the remainder when 827 is divided by 69.
68
Calculate the remainder when 320 is divided by 94.
38
What is the remainder when 268 is divided by 93?
82
What is the remainder when 3697 is divided by 161?
155
Calculate the remainder when 53 is divided by 20.
13
What is the remainder when 899 is divided by 149?
5
Calculate the remainder when 104 is divided by 50.
4
Calculate the remainder when 11452 is divided by 16.
12
Calculate the remainder when 1955 is divided by 93.
2
Calculate the remainder when 201 is divided by 17.
14
Calculate the remainder when 460 is divided by 133.
61
Calculate the remainder when 367 is divided by 31.
26
Calculate the remainder when 724 is divided by 95.
59
Calculate the remainder when 171 is divided by 43.
42
What is the remainder when 161 is divided by 9?
8
Calculate the remainder when 26194 is divided by 169.
168
What is the remainder when 478 is divided by 421?
57
What is the remainder when 503 is divided by 24?
23
What is the remainder when 181 is divided by 111?
70
Calculate the remainder when 62 is divided by 13.
10
What is the remainder when 117247 is divided by 134?
131
Calculate the remainder when 1941 is divided by 962.
17
What is the remainder when 176 is divided by 30?
26
What is the remainder when 861 is divided by 266?
63
What is the remainder when 373 is divided by 73?
8
What is the remainder when 167 is divided by 7?
6
What is the remainder when 170 is divided by 87?
83
What is the remainder when 36 is divided by 21?
15
Calculate the remainder when 14 is divided by 3.
2
Calculate the remainder when 2627 is divided by 175.
2
What is the remainder when 152 is divided by 55?
42
Calculate the remainder when 319 is divided by 31.
9
What is the remainder when 499 is divided by 461?
38
What is the remainder when 108 is divided by 21?
3
Calculate the remainder when 247 is divided by 50.
47
Calculate the remainder when 1561 is divided by 22.
21
Calculate the remainder when 80 is divided by 29.
22
What is the remainder when 2299 is divided by 100?
99
What is the remainder when 675 is divided by 302?
71
What is the remainder when 26392 is divided by 53?
51
Calculate the remainder when 418 is divided by 106.
100
Calculate the remainder when 340 is divided by 172.
168
Calculate the remainder when 1962 is divided by 66.
48
What is the remainder when 7577 is divided by 18?
17
Calculate the remainder when 106 is divided by 55.
51
Calculate the remainder when 205 is divided by 185.
20
What is the remainder when 159 is divided by 81?
78
Calculate the remainder when 4193 is divided by 162.
143
Calculate the remainder when 1007 is divided by 40.
7
What is the remainder when 58 is divided by 29?
0
What is the remainder when 641 is divided by 16?
1
What is the remainder when 2152 is divided by 40?
32
Calculate the remainder when 3509 is divided by 23.
13
Calculate the remainder when 116 is divided by 13.
12
What is the remainder when 1653 is divided by 313?
88
What is the remainder when 195 is divided by 68?
59
Calculate the remainder when 569 is divided by 92.
17
Calculate the remainder when 1098 is divided by 19.
15
Calculate the remainder when 689 is divided by 46.
45
What is the remainder when 6589 is divided by 16?
13
What is the remainder when 1032 is divided by 84?
24
Calculate the remainder when 1423 is divided by 75.
73
Calculate the remainder when 113 is divided by 29.
26
Calculate the remainder when 439 is divided by 186.
67
What is the remainder when 231 is divided by 39?
36
Calculate the remainder when 1075 is divided by 15.
10
Calculate the remainder when 2684 is divided by 6.
2
What is the remainder when 3162 is divided by 211?
208
Calculate the remainder when 10207 is divided by 116.
115
Calculate the remainder when 172 is divided by 25.
22
Calculate the remainder when 560 is divided by 55.
10
What is the remainder when 412 is divided by 190?
32
Calculate the remainder when 4545 is divided by 18.
9
Calculate the remainder when 8435 is divided by 422.
417
Calculate the remainder when 281 is divided by 64.
25
Calculate the remainder when 4172 is divided by 208.
12
Calculate the remainder when 122 is divided by 32.
26
What is the remainder when 222 is divided by 27?
6
Calculate the remainder when 826 is divided by 70.
56
Calculate the remainder when 8524 is divided by 174.
172
Calculate the remainder when 907 is divided by 70.
67
Calculate the remainder when 252 is divided by 111.
30
Calculate the remainder when 5327 is divided by 884.
23
Calculate the remainder when 406 is divided by 246.
160
What is the remainder when 102 is divided by 27?
21
What is the remainder when 633 is divided by 219?
195
Calculate the remainder when 399 is divided by 78.
9
What is the remainder when 95 is divided by 51?
44
What is the remainder when 30 is divided by 19?
11
Calculate the remainder when 15 is divided by 10.
5
Calculate the remainder when 88 is divided by 48.
40
Calculate the remainder when 785 is divided by 256.
17
Calculate the remainder when 50 is divided by 14.
8
What is the remainder when 687 is divided by 15?
12
What is the remainder when 729 is divided by 10?
9
Calculate the remainder when 849 is divided by 33.
24
What is the remainder when 475 is divided by 34?
33
What is the remainder when 530 is divided by 89?
85
Calculate the remainder when 1320 is divided by 28.
4
What is the remainder when 545 is divided by 37?
27
Calculate the remainder when 1991 is divided by 166.
165
What is the remainder when 393 is divided by 94?
17
What is the remainder when 628 is divided by 17?
16
Calculate the remainder when 2202 is divided by 85.
77
Calculate the remainder when 199 is divided by 84.
31
Calculate the remainder when 110 is divided by 80.
30
Calculate the remainder when 6708 is divided by 110.
108
Calculate the remainder when 398 is divided by 80.
78
What is the remainder when 1998 is divided by 39?
9
What is the remainder when 360 is divided by 11?
8
What is the remainder when 1620 is divided by 69?
33
Calculate the remainder when 1097 is divided by 284.
245
Calculate the remainder when 407 is divided by 203.
1
What is the remainder when 4276 is divided by 26?
12
Calculate the remainder when 445 is divided by 26.
3
Calculate the remainder when 375 is divided by 158.
59
Calculate the remainder when 420 is divided by 81.
15
Calculate the remainder when 85 is divided by 22.
19
Calculate the remainder when 116 is divided by 31.
23
What is the remainder when 4641 is divided by 28?
21
Calculate the remainder when 124 is divided by 32.
28
Calculate the remainder when 8818 is divided by 36.
34
What is the remainder when 2650 is divided by 17?
15
Calculate the remainder when 1769 is divided by 30.
29
Calculate the remainder when 270 is divided by 69.
63
What is the remainder when 87 is divided by 29?
0
Calculate the remainder when 78 is divided by 23.
9
Calculate the remainder when 189 is divided by 28.
21
What is the remainder when 630 is divided by 41?
15
What is the remainder when 521 is divided by 80?
41
What is the remainder when 8638 is divided by 58?
54
What is the remainder when 398 is divided by 57?
56
What is the remainder when 22853 is divided by 39?
38
Calculate the remainder when 223 is divided by 59.
46
What is the remainder when 602 is divided by 32?
26
Calculate the remainder when 168 is divided by 37.
20
What is the remainder when 2258 is divided by 205?
3
What is the remainder when 552 is divided by 135?
12
Calculate the remainder when 456 is divided by 116.
108
Calculate the remainder when 250 is divided by 36.
34
Calculate the remainder when 152 is divided by 31.
28
What is the remainder when 4499 is divided by 180?
179
What is the remainder when 531 is divided by 238?
55
What is the remainder when 523 is divided by 14?
5
What is the remainder when 153 is divided by 150?
3
What is the remainder when 137 is divided by 47?
43
Calculate the remainder when 503 is divided by 155.
38
What is the remainder when 319 is divided by 46?
43
Calculate the remainder when 430 is divided by 24.
22
Calculate the remainder when 447 is divided by 32.
31
What is the remainder when 950 is divided by 119?
117
What is the remainder when 238 is divided by 27?
22